9 - 4/(-5 - a)?
8
Suppose 0 = -3*b + 45 - 0. Suppose -3*n - 3*f - 1 = -4*f, -n - 5*f = -21. Let w = b + n. What is the remainder when w is divided by 9?
7
Let k(j) = 11*j**2 + 2*j - 2. Let r be k(4). Let h = r - 117. Calculate the remainder when h is divided by 17.
14
Let b = 17 - 2. Calculate the remainder when b is divided by 4.
3
Let i(g) = 2*g**2 + 5*g + 2. Let q be i(-4). Suppose 0*h - q = -h. What is the remainder when 40 is divided by h?
12
Let q be 6/(-21) + 64/28. Suppose -3*v + 22 = -q*v. Suppose j + 4*y = 28, -y - 2*y = -j. What is the remainder when v is divided by j?
10
Let s = -9 + 12. Suppose 4*c + 4*h - 8 = 0, -s*c - 10 = -4*c - 3*h. What is the remainder when 40 is divided by (-9)/c*(-28)/(-6)?
19
Let l = -81 + 155. What is the remainder when l is divided by 16?
10
Let p = -2 - -7. Let s be 2 + 22/(-3)*3. What is the remainder when p is divided by (8/s)/(1/(-5))?
1
Let c(u) = u**3 + 2*u**2 - u + 25. Calculate the remainder when 48 is divided by c(0).
23
Let w be (-2 + 0)/((-6)/15). Suppose -z + 4*o - 2 = -7, 0 = -z + w*o + 6. What is the remainder when 21 is divided by (6/(-7))/(z/(-7))?
3
Suppose 0 = -t - 5*j + 7, -t - 5*j + 3*j + 4 = 0. Let x be 1/(-2) - t/4. Calculate the remainder when 26 is divided by (x + -13)*(0 + -1).
12
Suppose -3*o + 2 + 1 = -5*f, 4*o = -f + 4. Suppose f = 3*i - 1 - 5. What is the remainder when 3 is divided by i?
1
Suppose -32 = -3*i + 310. Calculate the remainder when i is divided by 29.
27
Let o(n) = -n - 2. Let t be o(-2). Let i(v) = 5*v - 10. Calculate the remainder when i(8) is divided by 1 + t + (11 - -4).
14
Suppose 0 = 5*o - 75 - 335. What is the remainder when o is divided by 14?
12
Let v(a) = 6*a**2 - 4*a - 8. What is the remainder when v(-4) is divided by 12?
8
Let p(l) = 3*l**2 - 2*l + 1. Let c = 2 + 4. What is the remainder when p(2) is divided by c?
3
Let m = 15 - 19. What is the remainder when (-1)/m + 523/4 is divided by 33?
32
Let q(u) = 3*u**2 - 2*u - 1. Let j = -12 - -12. Suppose j = -4*m + 5 + 75. What is the remainder when m is divided by q(2)?
6
Let w(p) = p**3 + 5*p**2 - 7*p + 2. Let b(v) = 2*v + 35. Calculate the remainder when w(-5) is divided by b(-8).
18
Let b(m) = m - 7. Let n be b(9). What is the remainder when (28/(-3))/(n/(-6)) is divided by 15?
13
Let m(s) = s**2 + 7*s + 6. Let b be m(-4). Let k be b + (-3)/6*0. What is the remainder when ((-28)/6)/(4/k) is divided by 4?
3
Let o be (4/(-6))/(6/(-45)). Suppose -o + 1 = -2*x. What is the remainder when 7 is divided by x?
1
Let m(k) = -7*k**3 - k - 1. Calculate the remainder when 12 is divided by m(-1).
5
Suppose -h = -5, 0 = -5*g + 2*h + 3*h + 35. What is the remainder when 18 is divided by g?
6
Let w be -1*1*(-3 - 0). Let g = 25 + -35. Let d = w - g. What is the remainder when 37 is divided by d?
11
Let d = 9 - 4. Suppose -2*f + 18 = -d*f. Calculate the remainder when (-988)/(-24) - (-1)/f is divided by 21.
20
Suppose 24 = 4*c - 28. What is the remainder when 37 is divided by c?
11
Suppose -2*y = -z - 14, -3*y + 2 = -3*z - 22. Let l = 8 - y. What is the remainder when 5 is divided by l?
1
Let l(x) = x**2 + 7*x + 10. What is the remainder when l(-9) is divided by 11?
6
Let u(j) = j**3 + 6*j**2 - j - 2. Calculate the remainder when 5 is divided by u(-6).
1
Let s = 9 + -5. Suppose 31 = k + 2*h, -k + 5*h = s*k - 95. Calculate the remainder when k is divided by 76/10 + 2/5.
7
Let h(o) = o**3 + 12*o**2 + 15*o + 13. Calculate the remainder when h(-10) is divided by 22.
19
Let b(s) = 2*s**2 + 1. Suppose -w = -0*w. Calculate the remainder when b(1) is divided by -2 - (w + (-6)/2).
0
Suppose 2*w - o - 1 = 23, 0 = -w - 4*o + 21. Suppose 48 = 5*l + w. What is the remainder when 19 is divided by l?
5
Suppose -5*d - 5*j + 39 = -16, 19 = d + 3*j. Let w(p) = 2*p**2 + p - 2. Calculate the remainder when d is divided by w(-2).
3
Let f = 3 + 0. What is the remainder when 15 is divided by 1*21/f + 2?
6
Suppose -4*a = -a + y + 9, a + 5*y + 17 = 0. What is the remainder when 7 is divided by (a/6)/(1/(-6))?
1
Let a(f) = f**3 - 4*f**2 - 4*f + 6. Let u be a(4). Let p = -2 - u. What is the remainder when 29 is divided by p?
5
Let o(a) = -a**3 - 4*a**2 - a + 5. Calculate the remainder when 26 is divided by o(-4).
8
Calculate the remainder when 11*(1 + 2 - 2) is divided by 2/((0 - 1)/(-2)).
3
Suppose 4*t = 2*c - 34, 3*t = -3*c + 9 + 15. Let x(s) = -4*s + 64. Calculate the remainder when x(11) is divided by c.
9
Let f = -8 - -11. Let g = 12 - 7. What is the remainder when 2/g - (-23)/5 is divided by f?
2
Suppose 3 = -i + 23. Calculate the remainder when ((-76)/(-6))/(50/15 + -3) is divided by i.
18
Suppose -3*d - 2*d + 245 = 0. Let r = d + -26. Let u = r - 9. Calculate the remainder when u is divided by 5.
4
Let q = 82 + -51. What is the remainder when q is divided by 11?
9
Suppose 0 = -3*g - 5*a + 16, -4*a + 42 = -5*g + 7. Let r be (-1)/((-3)/((-45)/g)). Suppose 97 + 88 = r*x. Calculate the remainder when x is divided by 13.
11
Let y be (-2)/(-4)*-2 - -4. Suppose q = y*q - 22. Calculate the remainder when 20 is divided by q.
9
Suppose -f = -2*n + 110, -5*f - 120 = -2*n - 2. Let b(g) = g + 14. Calculate the remainder when n is divided by b(0).
12
Calculate the remainder when 79 is divided by 6/(-3) + 3 - 2*-10.
16
Let k = 4 - 1. Let w(b) = -b**3 + 7*b**2 - 7*b + 6. Let l be w(6). Suppose l = -2*z - 0 + 10. What is the remainder when z is divided by k?
2
Let y = 17 + -8. Calculate the remainder when 25 is divided by y.
7
Suppose 61 = 3*q - 4*r - r, -69 = -3*q + 3*r. Let c = q + -6. Calculate the remainder when 62 is divided by c.
20
Suppose -22 = -5*h + 108. Let i(o) be the third derivative of o**6/120 - o**5/30 - o**4/4 + o**3/6 + 5*o**2. Calculate the remainder when h is divided by i(4).
8
Suppose 204 = 4*v + 2*v. Calculate the remainder when v is divided by 13 - 2/(1 - -1).
10
What is the remainder when (3 - 5 - -1)*-9 is divided by 4?
1
Let j(y) = y**2 + 8*y - 13. Let x be j(9). Suppose -b = 4*b - x. Let q(m) = m**3 + 7*m**2 - m + 3. What is the remainder when b is divided by q(-7)?
8
Let r be (-2 + 3 + -2)*5. Let o = 9 + r. Calculate the remainder when 10 is divided by o.
2
Suppose 0*k - 3*k = -141. Let n = k - 24. Calculate the remainder when n is divided by 12.
11
Let d = 9 - -4. Suppose 4*j = -52 + 16. Let g = -2 - j. What is the remainder when d is divided by g?
6
Suppose 2*s - 3*t - 4 + 11 = 0, 3 = -3*t. Let o = -5 - s. Suppose m - 4 = o, -3*f - 53 = -4*f + m. Calculate the remainder when f is divided by 15.
12
Suppose 0 = 3*m + 7*m - 550. What is the remainder when m is divided by 28?
27
Let v = -10 + 14. Let j be (-1)/v + 5/20. Suppose -4*x = 5*g - 61, j = x - 4*g + 3*g - 4. What is the remainder when 17 is divided by x?
8
Suppose -h = -3 - 9. Suppose -4*c + 12 = -3*c + f, 0 = -3*c + 3*f + h. What is the remainder when 21 is divided by c?
5
Suppose 0*y + 2*b = y + 6, 3*y = -3*b - 36. Let v = y - -17. Calculate the remainder when 27 is divided by v.
6
Let v(c) = -c**3 + 6*c**2 + 4*c + 7. What is the remainder when v(6) is divided by 11?
9
Let l(p) = 2*p**3 - 9*p**2 - p + 6. Let q be l(6). Suppose -48 = -2*z - 4*d, -2*z - z + q = -3*d. Calculate the remainder when z is divided by 11.
10
Let j be (20/(-16))/((-2)/(-8)). Let c(b) be the first derivative of b**4/4 + 5*b**3/3 + 7*b + 2. What is the remainder when 12 is divided by c(j)?
5
Let f = 2 - -1. Let t = f - 3. Suppose 4*c - 10 - 6 = t. What is the remainder when c is divided by 3?
1
Let c(q) = 8*q - 18. Calculate the remainder when c(13) is divided by 22.
20
Suppose 13 = -3*q + 4*q. Calculate the remainder when q is divided by (14/2)/(2/2).
6
Let b(q) = 20*q - 1. Let g be b(-2). Let w = -15 - g. What is the remainder when w is divided by 9?
8
Suppose -k = 5*g - 47, -2*k - 17 = -g - 56. Suppose -3*j + 2*i + 18 = 0, -2*j + 4*i - 20 = -3*j. What is the remainder when k is divided by j?
6
Let f(x) = x**3 + 3*x**2 - 2*x + 1. Let g = -1 - -3. Suppose -2*w + 22 = g*s, -3*s + 5*w - 42 = -7*s. Calculate the remainder when s is divided by f(-3).
6
Suppose -n = -t - 10, -5*n + 5*t = -10*n + 70. Suppose n = -2*y + 4*y. What is the remainder when 22 is divided by y?
4
Calculate the remainder when 82 is divided by 3/6*(-1 - -59).
24
Let j(f) = -f**3 + 4*f**2 + f + 2. Suppose 0 = 2*s - 1 - 3. W